{"id":32,"date":"2024-12-20T15:44:31","date_gmt":"2024-12-20T15:44:31","guid":{"rendered":"https:\/\/sepoltech.com.br\/site\/about\/"},"modified":"2025-01-30T13:52:04","modified_gmt":"2025-01-30T13:52:04","slug":"about","status":"publish","type":"page","link":"https:\/\/sepoltech.com.br\/site\/about\/","title":{"rendered":"Sobre"},"content":{"rendered":"\n\n\n\n\n\n<h2><div pagelayer-id=\"t534391\" class=\"p-t534391 pagelayer-heading\" style=\"width: 565px; margin-bottom: 15px; color: rgb(0, 0, 0); font-size: 18px; font-weight: 400; text-transform: none; text-decoration-style: initial;\"><div class=\"pagelayer-heading-holder\"><\/div><\/div><div pagelayer-id=\"opp7045\" class=\"p-opp7045 pagelayer-heading\" style=\"width: 565px; margin-bottom: 15px; color: rgb(0, 0, 0); font-size: 18px; font-weight: 400; text-transform: none; text-decoration-style: initial;\"><div class=\"pagelayer-heading-holder\"><\/div><\/div><\/h2><h2 style=\"box-sizing: border-box; padding: 0px; margin: 0px; overflow-wrap: break-word; font-family: Poppins; font-size: 40px; font-weight: 600 !important; color: rgb(0, 48, 184); text-decoration-style: solid !important; text-transform: capitalize !important;\">Nossa Hist\u00f3ria<\/h2>\n<h5 style=\"text-decoration-style: initial;\">Fundada em 2007, a sepolTECH surgiu com a proposta de oferecer ao mercado solu\u00e7\u00f5es em tecnologia da informa\u00e7\u00e3o.<\/h5>\n<h5>Para alcan\u00e7ar este objetivo, iniciou o desenvolvimento do abrangente portf\u00f3lio de produtos que oferece hoje aos seus clientes e que possui solu\u00e7\u00f5es personalizadas individualmente as necessidades dos neg\u00f3cios de cada atividade empresarial.<\/h5>\n<h5 style=\"text-decoration-style: initial;\">A sepolTECH \u00e9 uma empresa inovadora e din\u00e2mica com solu\u00e7\u00f5es que aumentam a competitividade de neg\u00f3cios, aproximam as empresas de seus clientes e otimizam as atividades cotidianas dos colaboradores por meio de ferramentas personalizadas e integradas. A sepolTECH possui em suas principais caracter\u00edsticas a clareza, o comprometimento e orienta\u00e7\u00e3o aos seus clientes, parceiros e colaboradores.<\/h5>\n\n\n\n\n<h2>Nossos Processo<\/h2>\n\n\n\n\n<h1>01<\/h1>\n<h3>An\u00e1lise<\/h3>\n<h5 style=\"text-decoration-style: initial;\">\u00c9 nesta etapa que as funda\u00e7\u00f5es do projeto s\u00e3o estabelecidas, e suas viabilidades s\u00e3o avaliadas antes de se partir para o planejamento mais detalhado e a execu\u00e7\u00e3o.<\/h5>\n\n\n<h1>02<\/h1>\n<h3>Planejamento<\/h3>\n<h5 style=\"text-decoration-style: initial;\">Durante o planejamento, todos os detalhes do projeto s\u00e3o definidos com base nas informa\u00e7\u00f5es coletadas na fase de an\u00e1lise inicial. O objetivo principal do planejamento \u00e9 estabelecer um roteiro claro e bem estruturado.<\/h5>\n\n\n<h1>03<\/h1>\n<h3>Execu\u00e7\u00e3o<\/h3>\n<h5 style=\"text-decoration-style: initial;\">Essa \u00e9 a fase em que as atividades planejadas s\u00e3o efetivamente implementadas, com foco na entrega de resultados de acordo com os objetivos definidos.<\/h5>\n\n\n<h1>04<\/h1>\n<h3>Entrega<\/h3>\n<h5 style=\"text-decoration-style: initial;\">O ponto culminante do ciclo de vida do projeto, quando o produto final ou a solu\u00e7\u00e3o desenvolvida \u00e9 formalmente conclu\u00edda e colocada em opera\u00e7\u00e3o.<\/h5>\n\n\n\n\n<h2>Nossa Equipe<\/h2>\n\n\n\n\n\n\n\n\n\n\n\n\n\n\n\n\n\n\n\n\n\n\n\n\n\n\n\n\n\n\n\n\n<h2>Testimonial<\/h2>\n\n<span style=\"font-size: 16px;\">Lorem ipsum dolor sit amet, consectetur adipiscing elit, sed do eiusmod tempor incididunt ut labore et dolore magna aliqua. Ut enim ad minim veniam, quis nostrud exercitation ullamco laboris nisi ut aliquip ex ea commodo consequ<\/span>at.\n<span style=\"font-size: 16px;\">Lorem ipsum dolor sit amet, consectetur adipiscing elit, sed do eiusmod tempor incididunt ut labore et dolore magna aliqua. Ut enim ad minim veniam, quis nostrud exercitation ullamco laboris nisi ut aliquip ex ea commodo consequ<\/span>at.\n<span style=\"font-size: 16px;\">Lorem ipsum dolor sit amet, consectetur adipiscing elit, sed do eiusmod tempor incididunt ut labore et dolore magna aliqua. Ut enim ad minim veniam, quis nostrud exercitation ullamco laboris nisi ut aliquip ex ea commodo consequ<\/span>at.\n\n\n\n","protected":false},"excerpt":{"rendered":"","protected":false},"author":1,"featured_media":0,"parent":0,"menu_order":0,"comment_status":"closed","ping_status":"closed","template":"","meta":{"pagelayer_contact_templates":[],"_pagelayer_content":"","footnotes":""},"class_list":["post-32","page","type-page","status-publish","hentry"],"_links":{"self":[{"href":"https:\/\/sepoltech.com.br\/site\/wp-json\/wp\/v2\/pages\/32","targetHints":{"allow":["GET"]}}],"collection":[{"href":"https:\/\/sepoltech.com.br\/site\/wp-json\/wp\/v2\/pages"}],"about":[{"href":"https:\/\/sepoltech.com.br\/site\/wp-json\/wp\/v2\/types\/page"}],"author":[{"embeddable":true,"href":"https:\/\/sepoltech.com.br\/site\/wp-json\/wp\/v2\/users\/1"}],"replies":[{"embeddable":true,"href":"https:\/\/sepoltech.com.br\/site\/wp-json\/wp\/v2\/comments?post=32"}],"version-history":[{"count":8,"href":"https:\/\/sepoltech.com.br\/site\/wp-json\/wp\/v2\/pages\/32\/revisions"}],"predecessor-version":[{"id":148,"href":"https:\/\/sepoltech.com.br\/site\/wp-json\/wp\/v2\/pages\/32\/revisions\/148"}],"wp:attachment":[{"href":"https:\/\/sepoltech.com.br\/site\/wp-json\/wp\/v2\/media?parent=32"}],"curies":[{"name":"wp","href":"https:\/\/api.w.org\/{rel}","templated":true}]}}